 (2 - (1 - -4)) + 1
2
What is the value of 5 - (2 - (-1 - 1))?
1
Calculate 21 + -22 + -4 + (0 - 4).
-9
What is -14 - -8 - (3 + 0 + -7)?
-2
What is the value of -3 + 4 + 0 + -2 - 4?
-5
What is 2 + (2 - 5) - (11 - 13)?
1
What is the value of -8 + 7 - -5 - (1 + 0)?
3
Evaluate -55 + 54 - (1 + -10).
8
3 + (-1 - 3) - -2 - 2
-1
Calculate 3 - (11 - (0 - -7)).
-1
Evaluate -2 - (5 - 5) - -6.
4
Evaluate -1 + (-2 - (-2 + 3 + -5)).
1
What is the value of -50 + 50 + 1 + 0?
1
Calculate 12 + (-6 - -1) + -4.
3
What is -5 + 4 + 4 + -2?
1
3 + (-5 + 3 - -1) - 2
0
2 - 0 - (-1 + 4 - 1)
0
Evaluate -5 - (-9 - 3 - -7).
0
Evaluate 0 + -1 + (6 + -7 - -4).
2
Evaluate -22 - -20 - (2 + 1).
-5
Calculate 3 - (0 - 3 - (2 - 6)).
2
What is (2 + 21 - 15) + -12?
-4
-13 + 13 - 5 - -15
10
What is the value of (-5 - -2) + 1 + -40 + 41?
-1
-4 + 0 - (-1 - 7)
4
Calculate 2 + (4 - 2) + -4 + -4.
-4
What is (-7 - (-15 + 0)) + -5?
3
Evaluate -4 - (-15 - -2) - 4.
5
What is -1 + -2 + -4 - -6?
-1
Evaluate 1 - -1 - (-4 - -7).
-1
Calculate -4 + -1 + 4 + 5.
4
-4 + (1 - 0) + -24 + 22
-5
What is 16 + -17 + -1 + 5 + 1?
4
Calculate -2 - (-8 + (5 - -1) - 2).
2
2 + -6 - -3 - 0
-1
What is the value of 106 - 96 - (-1 - -4)?
7
Calculate -3 + -4 + (-3 - -4 - -2).
-4
Evaluate -8 + 0 + 6 - 0.
-2
(1 - 0) + (1 - 2) + 3
3
What is 5 + (-5 - -6) + -4?
2
What is the value of -1 - (1 + (-9 - -3))?
4
Evaluate 3 - (-3 + 11 + -8).
3
Calculate (0 - 2 - 1) + 7 + -3.
1
What is the value of 10 - (0 + (10 - 6))?
6
Calculate 5 + (-2 - 3 - 2).
-2
0 + -4 - (-19 - -13)
2
What is -2 + 0 + 0 + -4?
-6
What is the value of (-13 - -14) + -2 + -1 + -2?
-4
-10 - -4 - -3 - (0 - 3)
0
1 - (4 + -2 + (3 - 1))
-3
What is 0 + (-7 + 5 - 4)?
-6
-2 + (6 - 5 - (4 - 0))
-5
(6 - (-1 - -3)) + -9 + 2
-3
What is 4 + 5 + (3 - 8)?
4
What is the value of 2 + -2 - ((-19 - -10) + 8)?
1
What is 18 + -11 + 2 + -8 - 4?
-3
-4 + (-7 - -7 - -3)
-1
What is the value of (6 - 5 - 11) + 12?
2
6 - (0 + 1) - (-8 - -7)
6
What is 1 + 4 - (3 - -7 - 5)?
0
What is the value of (-7 - -5 - -5) + 1 + -4?
0
Evaluate -3 + -5 + (6 - (4 + 0)).
-6
What is -6 + (0 - -5) - -8?
7
Calculate -7 + 6 + (1 - 2) + 2.
0
Evaluate -6 - (-3 - (-5 - -9)) - 6.
-5
Evaluate 2 - 1 - 1 - 3.
-3
What is the value of (13 - 6 - 7 - -3) + -2?
1
What is the value of 3 - (-4 - (4 + -3) - -9)?
-1
What is -6 - (-2 + (14 - 7) + -17)?
6
Calculate -2 + -6 + -5 + 8.
-5
What is -1 - (0 - 0 - 1 - -2)?
-2
What is -2 - (1 + 0) - -3?
0
What is the value of -7 + 6 + -17 + 13?
-5
Evaluate -1 + -2 + (-2 - (1 + -4)).
-2
-3 + 5 + (1 - 3) + 5
5
What is (3 - -4) + -6 - 1?
0
-1 - 0 - (-2 - 4 - -1)
4
Evaluate -8 + 1 + (-22 - -23).
-6
What is the value of -1 - (-1 + (0 - 2) + 4)?
-2
Calculate -8 + 4 + (9 + -1 - -1).
5
What is the value of -5 - (-6 + 12 + -16)?
5
Calculate (1 - 0) + 0 + -3 + 7.
5
Calculate (0 - (-3 - -3)) + 0.
0
Calculate -1 + 0 + 1 + (-1 - -2).
1
Calculate -3 - ((2 - 0) + -13) - 3.
5
What is -3 + (7 - ((-3 - 5) + 8))?
4
What is the value of -3 + -2 + (1 - (-1 - 2))?
-1
What is 3 + -12 + 25 + -22?
-6
Evaluate -10 + (25 - 11) - -1.
5
What is (2 - 1 - 4) + (5 - 1)?
1
Calculate 5 + -7 + 5 + -1.
2
What is the value of (3 - 8 - -8) + -8?
-5
(4 - 2 - 3) + -2
-3
-1 - -2 - (8 - 4) - -1
-2
Calculate 14 + 1 + -4 + -3 - 2.
6
What is the value of 1 + 3 + -5 + (9 - 6)?
2
-2 + (-2 - -2) + 11
9
(-2 - 0) + 53 + -47
4
8 + 6 + -8 + 0
6
Evaluate (3 - (8 - -4)) + 4 + 1.
-4
What is (0 + 1 - 5) + -22 + 21?
-5
Evaluate 0 + (-2 - (1 - -4)) + 3.
-4
Calculate -1 + 2 + -4 + -4 + 4.
-3
Calculate -3 - (-5 + 1) - (6 - 2).
-3
Calculate -10 - -5 - -3 - 3.
-5
What is the value of (2 - 0) + 2 + (0 - 0)?
4
Evaluate 2 - (-6 + 4) - 5.
-1
Calculate 6 - ((2 - 0) + 6).
-2
What is 13 + (8 - 20) + 4?
5
-2 + 0 + 4 + -5
-3
What is -1 + 1 - (-4 - (2 + -3))?
3
Calculate (5 - 13) + (-7 - -10).
-5
What is the value of 2 + 2 - 8 - -6?
2
Calculate -2 - -2 - 5 - -5.
0
What is the value of 8 + 9 + -13 - 12?
-8
Evaluate 0 + -1 + (2 - 1).
0
(15 + -5 - 16) + -1 + 8
1
-14 + 13 - (-1 + 1 + 0)
-1
Evaluate 1 - (2 - (5 + 4) - -4).
4
(-3 - -1 - -1) + 5
4
What is the value of (3 - -1) + -14 + 9?
-1
Calculate -2 + (15 - 11) + (-10 - -3).
-5
Calculate 7 - (-5 + 6) - (-4 - -4).
6
What is the value of -1 + -1 + (7 - 10)?
-5
Calculate -1 + -1 - (2 + -4 + -1).
1
What is the value of (18 - 15 - (1 + 6)) + 0?
-4
Evaluate 2 + 1 - (18 - 10).
-5
Evaluate 7 - (8 - (8 - (-8 + 15))).
0
20 - 14 - (3 + 2)
1
-2 + -5 + 4 + -1
-4
What is the value of (4 + -11 + 4 - 0) + 4?
1
Evaluate 2 + (-3 - -4) + 3.
6
What is the value of -21 - -10 - -21 - 14?
-4
What is (-1 - -17) + (-13 - 12) + 18?
9
Calculate -3 + -1 - (-13 - -7) - 5.
-3
What is the value of -1 - (-4 + (-2 + 1 - -1))?
3
Evaluate 2 + (1 - (2 - (-2 + 7))).
6
0 - ((1 - 5) + 2 + 3)
-1
-8 - (-4 - (-5 - (-1 + 0)))
-8
Calculate -6 - -12 - 8 - -8.
6
What is -22 + 13 + 0 + 4?
-5
-1 + -12 + 8 + -3 + 17
9
Calculate (5 - 2) + (-5 - -1).
-1
Evaluate 17 + -16 - (0 - 4).
5
What is 0 + (2 + 0 - 0)?
2
What is 22 + -24 + (3 - -2)?
3
What is (0 - -1) + (22 - 19)?
4
What is -1 + -7 - (9 - 2 - 9)?
-6
Calculate -10 - ((9 - 15) + -8).
4
1 - 2 - (4 - (-4 + 11))
2
Calculate -3 + 0 + 14 + -9.
2
What is 0 + 0 + 3 + -9 + 5?
-1
Calculate -9 - -2 - (34 + -45).
4
Calculate 7 - (-6 + 8 + 2).
3
What is the value of 4 - -7 - (28 + -25)?
8
Calculate 7 + (7 - 10) + -8.
-4
Evaluate 0 + 1 + 7 - 4.
4
What is the value of 4 + -2 - 3 - (9 + -13)?
3
What is the value of (-5 - -11 - 3) + 1?
4
What is 8 + (-2 - 1 - (-1 + 1))?
5
What is 4 + -9 + 6 - (-1 + 6)?
-4
What is 3 - (-6 + 1 + 7 + -5)?
6
Calculate 0 + 3 + 5 + -12.
-4
Calculate 3 + 3 - (7 + -3).
2
Calculate -3 + 4 + -1 - (5 + -9).
4
Evaluate (3 - (1 - -4)) + (0 - -6).
4
Evaluate 8 + 4 + -17 + 2.
-3
What is 1 + 1 - (-2 - (-3 - -2))?
3
-12 - (-5 - 12) - 3
2
What is 5 + -1 + (-67 - -55)?
-8
Evaluate 18 + 10 + -13 - 8.
7
Evaluate (-5 - (6 + -2 + -6)) + 1.
-2
What is the value of 3 + -3 - (-2 + -1 - -8)?
-5
-12 + 17 + -12 + 1
-6
Calculate (3 + -3 - -1) + 3.
4
What is -4 + (7 - 3) + -3?
-3
-5 - ((-6 - 4) + 1)
4
What is (7 - -1) + -1 + 4 + -10?
1
-2 + (-2 - (-4 - 0))
0
(7 - (18 + -4)) + 5 + -6
-8
Calculate (-1 - -5) + (-25 - -25).
4
Evaluate 1 + 3 + (-3 - 6) + 8.
3
What is -6 + 6 - (1 + 0)?
-1
What is the value of (-3 - -4) + -3 + 0?
-2
Calculate (-1 - -6 - 2) + -1 + -2.
0
Calculate 2 - (-7 + 8 + -4 + 8).
-3
Calculate -33 - -37 - ((1 - -1) + 1).
1
What is 1 - (10 - (-1 - -8))?
-2
Calculate -4 + (8 + 1 - 14).
-9
What is -4 - -8 - (-2 - -10)?
-4
-5 + 1 + 0 + (2 - 1)
-3
What is the value of 8 - (8 + -5) - 6?
-1
Calculate 1 - (0 + -1) - (23 - 23).
2
What is 13 - (18 + (-10 - 1))?
6
What is the value of (3 - 1 - (4 - 5)) + -5?
-2
What is (-4 - -8) + -1 + (-6 - 0)?
-3
(-3 - 1) + (14 - -2 - 12)
0
What is the value of (0 - 3) + -18 + 22 + -6?
-5
What is -13 + 8 - (0 - 2 - -2)?
-5
Calculate -1 - 10 - ((-8 - -7) + -1).
-9
What is the value of 5 - (-14 - -10 - -10)?
-1
What is the value of -129 + 109 - (-11 - 0)?
-9
Evaluate 2 - (4 + (6 - 8)) - -5.
5
What is the value of (-2 - (2 + -2)) + (26 - 29)?
-5
(0 - (1 - 4)) + 1
4
What is -2 + -14 + (-15 - -32)?
1
4 - ((1 - 4) + 6)
1
Calculate 2 + 2 + (-4 - -4).
4
Calculate (-4 + 8 - 11) + 4.
-3
1 - (-7 - (-10 + -6))
-8
Calculate -1 - (1 + -5 + -2).
5
What is the value of (9 - 2) + -11 + (-1 - -1)?
-4
What is the value of 0 - (4 - 8) - (-3 - -6)?
1
Calculate 1 - (7 + -17 - -8).
3
Evaluate 3 - (-1 + -2 + -1 + 5).
2
Evaluate 7 + (-7 - -4) + 0.
4
What is the value of 5 - (-1 - (-5 + 3))?
4
Evaluate -5 - ((-1 - 4) + 3).
-3
-17 + 3 + -2 + 9
-7
Evaluate 0 - -5 - (-1 - (-2 + 5)).
9
-3 - (-2 + 0) - (144 + -134)
-11
What is the value of 1 + -2 + (-3 - -1 - -3)?
0
What is the value of 22 + -11 + 2 + -8?
5
Evaluate -15 + (5 - -6) + -3.
-7
What is the value of -2 - (4 - (1 - -7))?
2
-5 - (4 - (7 + 4)) - 6
-4
Evaluate (1 - -2) + 1 + 2 + -3.
3
Evaluate (0 - 0) + (-7 - (2 - 12)).
3
What is the value of -5 + 6 + -1 + 0?
0
Evaluate -7 + (4 - (2 + -1)).
-4
What is 2 - 10 - -4 - (-1 + 1)?
-4
Evaluate 3 + -7 + 1 + 1.
-2
What is the value of -10 - -10 - (-1 - 7)?
8
-5 + (7 - 8 - (-5 + 5))
-6
What is 3 + -1 - (-7 - (1 + -11))?
-1
What is 10 + -9 + 0 + 1?
2
What is the value of 0 + (-21 - -21) + 0 + 6?
6
What is the value of 6 - 6 - -5 - (2 - 7)?
10
-9 + 8 + -6 + -1
-8
What is the value of (0 - 0 - (1 + -1)) + 1?
